*p - 2. Suppose -36 = -4*h - 4*y, 0 = 2*h - 0*h + y - 16. Let g = h - 12. Determine t(g).
-2
Let g(v) = -v**3 - 8*v**2 - v - 10. Suppose -79*k = -74*k + 40. Calculate g(k).
-2
Suppose 0*r - 20 = 4*r. Let h(i) be the third derivative of -i**5/60 - 5*i**4/24 + i**3/2 + 12*i**2. Calculate h(r).
3
Let g(p) be the second derivative of -p**3/3 + 3*p**2 - 15*p. What is g(4)?
-2
Let f(d) = 24*d - 8. Let t(c) = 11*c - 4. Let g(a) = 6*f(a) - 13*t(a). Give g(5).
9
Let m(n) = n**2 - 7*n + 6. Let c be m(5). Let o be (2 + 6/c)*6. Let a(r) = r**2 - 4*r. What is a(o)?
-3
Let r(g) = -2*g**3 - 2*g**2 + 2*g - 1. Suppose -4*w - 3*n = -2*n - 6, 2*w + 4*n + 4 = 0. Let f = -1 + w. What is r(f)?
-3
Let t(u) = u**2 + 2*u + 2. Let g = 16 - 14. Suppose 0 = 3*a - o + 13, 11 = -5*a + 2*a + 2*o. Let c = g + a. Give t(c).
5
Let w(s) = s**2 + 1. Suppose 0*i = -3*i - 9. What is w(i)?
10
Let t(x) be the second derivative of 7*x**3/6 - 2*x. Suppose -2*n = 5*y + 1, -y = n - 0*n + 2. Let d = 2 + n. What is t(d)?
-7
Let j(b) = 6*b**3 + 2*b**2 - b. Suppose -20 = 4*x + 20. Let z = 7 + x. Let y be 0 + 0 + 4 + z. What is j(y)?
7
Let a = -15 - -9. Let b = 8 + a. Suppose -o + 0*o = -b*g + 16, -5*g + 50 = -5*o. Let p(l) = -l**2 + 7*l + 2. What is p(g)?
8
Let a(m) = m**2 + m - 1. Let y(d) = -d**3 - 5*d**2 + 7*d + 7. Suppose v - 5 - 20 = 0. Let k be 1/4 - v/4. Let x be y(k). Calculate a(x).
1
Suppose -13*z + 9*z = 8. Let t(w) = -16*w**2 - 10*w + 3. Let c(n) = 5*n**2 + 3*n - 1. Let o(d) = -7*c(d) - 2*t(d). Give o(z).
-9
Let s(u) = u**2 + 6*u - 1. Let t = -60 - -54. Calculate s(t).
-1
Let u(l) = -4*l - 2 + 3*l + 7. Suppose -z + 3*a - 1 = 0, -z = a + 4 + 5. Let k = 12 + z. What is u(k)?
0
Let i be 3/5 - (-18)/(-30). Let u(b) = -3*b - 1 - 5 + 7 + i. Calculate u(-1).
4
Let v(a) = a**3 + 5*a**2 + 6*a + 1. Let h(d) = d. Let b(p) = -3*h(p) + v(p). Determine b(-4).
5
Let h(z) = -z**3 - 4*z**2 - 4*z + 1. Let j = 33 + -36. Calculate h(j).
4
Suppose -2*f + 11 = 3. Let c(g) be the first derivative of f*g + 1/2*g**2 - 2. Determine c(3).
7
Let p(v) = -8*v - 1. Let h(n) be the second derivative of n**3/6 - 5*n**2/2 + 8*n. Let t be h(4). What is p(t)?
7
Let n(x) = -7*x - 1. Suppose 32 - 26 = -2*c. Give n(c).
20
Let a = 0 + 3. Let h(d) be the third derivative of d**6/120 - d**5/30 - d**4/24 - d**3/3 + 2*d**2. What is h(a)?
4
Let v be (1 + -1)/(18 - 16). Let a(s) = s**3 + s**2 - s + 9. Give a(v).
9
Suppose 0*y = -5*y + 25. Let q be y/((-15)/6) + 0. Let l(o) = -3*o**3 + 0*o - 2*o**2 + o**3 - 2 - o. Calculate l(q).
8
Let g(w) = -5*w**2 + 9*w - 1. Let f(n) = n**2 - 2*n. Let u(o) = 9*f(o) + 2*g(o). What is u(2)?
-6
Let i(r) be the third derivative of -r**4/24 - 2*r**3/3 - 8*r**2. Let l be (2/(-5))/(1/(-5)). Let c = 2 - l. Determine i(c).
-4
Let d(m) = 5 - 3 + 6*m**2 + 9*m - 12*m + 7*m. Calculate d(-2).
18
Let i(z) be the first derivative of -z**2 + 10*z - 1. What is i(7)?
-4
Let f = -25 + 23. Let p(k) = k**3 + 4*k**2 + k + 1. Let i(g) = -3*g**3 - 13*g**2 - 3*g - 4. Let s(d) = -2*i(d) - 7*p(d). What is s(f)?
3
Let p(a) be the first derivative of a**4/4 + a**2/2 - 24. Determine p(-2).
-10
Let c be (-21)/(-30) + (-8)/(-10). Let h(m) be the first derivative of 1 - 1/3*m**3 - c*m**2 + 0*m. What is h(-4)?
-4
Let c be 10/(-1 + 2 + -3). Let a(z) = -5*z + 7. Let k(m) = 2*m - 4. Let p(q) = c*k(q) - 3*a(q). Determine p(-2).
-11
Let z(l) be the first derivative of 0*l**2 + 2 - 1/12*l**4 + 0*l + 1/3*l**3 + 1/120*l**5. Let m(s) be the third derivative of z(s). Calculate m(2).
0
Suppose 3*u - 10 = -2*d, 6*d - d - 25 = -4*u. Let s(f) = -7*f + 17. Let l(h) = 4*h - 9. Let j(r) = -5*l(r) - 3*s(r). What is j(d)?
-1
Let z = -3 - -5. Suppose 0 = -3*f - 3*p + 6*p - 12, 12 = -3*f - z*p. Let y(q) be the first derivative of q**4/4 + 4*q**3/3 - 4*q + 2. Determine y(f).
-4
Let x be 0 + 3 - (-1 - -1). Let d be (x - 3)*2/(-4). Let v(l) be the first derivative of l**2/2 + l + 1. What is v(d)?
1
Let k = -15 + 17. Let l(y) = 5*y**2 + k*y**2 - 8*y**2 - 2 - 3*y. Calculate l(-4).
-6
Let v be 3 + (-4)/((-6)/3). Let l(u) = -v*u**3 - 2 + 0 - 2*u + 6*u**3 - 3 - 3*u**2. What is l(4)?
3
Let q(n) be the first derivative of n**5/24 - n**4/12 - 2*n**3/3 - 2. Let w(a) be the third derivative of q(a). What is w(2)?
8
Suppose 0 = -3*z + 4*z - 3. Suppose z*y = 4*y - 2. Let r be 0 - (8 - y)/3. Let u(o) = -2*o**2 - o + 1. Determine u(r).
-5
Let i(l) be the first derivative of -l**4/4 + 8*l**3/3 - 9*l**2/2 + 9*l + 2. Suppose 24*p - 14*p - 70 = 0. Calculate i(p).
-5
Suppose -2*j - 24 = -4*v, 13 = 5*v + 4*j - 17. Let z(t) be the first derivative of -t**2 + 5*t + 1. What is z(v)?
-7
Suppose -3*c = 2*c + 15. Let q(d) be the third derivative of d**4/24 - d**3/6 - 7*d**2. What is q(c)?
-4
Let c(h) = 5*h**3 + 3*h - 6*h**2 + 7*h**2 - 1 - 2*h. What is c(1)?
6
Let h(f) = -f**2 - 3*f - 2. Suppose -2*p = 10 - 2. Determine h(p).
-6
Let y(q) be the third derivative of q**6/360 - q**5/60 - q**4/12 - q**3/2 - q**2. Let i(t) be the first derivative of y(t). What is i(-2)?
6
Let f = 138 - 137. Let a(v) = -15*v**3 - 2*v**2 + v. Calculate a(f).
-16
Suppose 3*o - 27 = -5*m, 0 = m + 2*o - 11 - 0. Let v(g) = -2 - m*g + 3 + 0. Suppose 2*c + 3*c - 10 = 0. What is v(c)?
-5
Suppose 4*t - m - 5 = 0, 2*m + 5 = -3*m. Let y(p) = p + 12. Let r(b) = 12. Let q(o) = -4*r(o) + 3*y(o). Let f(g) = -g. Let v(j) = t*q(j) + 2*f(j). Give v(5).
-7
Let x(g) be the second derivative of -g**3/6 + 9*g**2/2 - g. Let h be x(9). Let c(q) = -q**2 + 2. Give c(h).
2
Let a(u) = -u**3 + 8*u**2 - 7*u + 2. Let d be a(7). Let p(v) = 1 - v - v + d*v + v. Determine p(-4).
-3
Let k(q) = q**2 + 6*q - 2. Let v(m) = -m**3 - 8*m**2 - 7. Suppose -16 = 3*t + 8. Let b be v(t). Calculate k(b).
5
Let f(j) = -j - 2. Let x(l) = -l - 3. Let v(c) = 5*f(c) - 2*x(c). Let b(g) = g**3 - 7*g**2 + 7*g - 2. Let n be b(6). Let s = n + -7. Determine v(s).
5
Let k(g) = g - 1. Let m be -1*(-2)/(-4)*-10. Let q(x) = -x**2 + x - 10. Let u(h) = m*k(h) - q(h). What is u(-4)?
5
Let n(q) = -q**2 - 7*q - 5. Let s = 5 + -1. Suppose s*w + 0*w = -20. Determine n(w).
5
Let h(x) = -21*x + 81. Let z(v) = 5*v - 20. Let w(l) = 2*h(l) + 9*z(l). Let i be w(8). Let k(o) = o**2 - 6*o + 6. Determine k(i).
6
Suppose -3*w = -2*w. Let a(i) = i + 1 + w*i + i**2 - 3*i - 3*i**3. Let m = 16 - 15. Calculate a(m).
-3
Let h(b) = -9 + 29 + b**3 + 5*b - 7*b**2 - 5 - 10. Calculate h(6).
-1
Let v be 12*(-4)/(-12 + -4). Suppose -3*p - 2*g + 20 = 0, 4*p + 0*g - v*g = 21. Let u(n) = n - 7. Calculate u(p).
-1
Let k(f) = -f - 2. Let x be -7*7/(147/18). Give k(x).
4
Let z(p) be the second derivative of p**3/6 + 3*p**2 + p. Let s(v) = v + 6. Let h(m) = 2*s(m) - 3*z(m). Determine h(-3).
-3
Let p(r) = -r**3 + r**2 + r - 1. Let u(k) = -k**3 - 5*k**2 - 7*k + 6. Let f(c) = 2*p(c) - u(c). Calculate f(8).
0
Let l(u) be the second derivative of u**5/20 + u**4/3 - 5*u**3/6 + u**2 + 20*u. Give l(-5).
2
Suppose 2*w - 10 = -2*t - 0*t, 4*w = -3*t + 16. Let m be 7 - 4 - (w + 6). Let o be m*(-1)/(-2) - 2. Let u(j) = -j**3 - 2*j**2 + 6*j + 2. Determine u(o).
10
Let i(c) = 5*c + 16. Let j(a) = a + 4. Suppose 2*g - 11 + 7 = 0. Let t(w) = g*i(w) - 9*j(w). Give t(3).
-1
Let m be 11 - 1 - (0 + -1). Let i(u) = -2*u**2 - m*u**2 + 17*u**2 + 4 + 3*u - u**3. What is i(5)?
-6
Let y(j) = j**3 - 3*j**2 + j + 2. Suppose 7*l = 5*l - 22. Let w = l - -13. Determine y(w).
0
Let p(u) be the second derivative of u**3 - u**2/2 - 10*u. Determine p(2).
11
Let h be 2 + 1 + (-4 - -6). Suppose -z = -1 + h. Let s(q) = -2*q**2 - 5*q + 3. Determine s(z).
-9
Let f be 10/(-25)*5/(-1). Suppose -f = -2*q - 8. Let k(y) = y + 4*y + 2 + 0 - 6*y. Give k(q).
5
Let s = 6 + -4. Let m = 3 - -1. Let c(y) = y**3 - 3 - 5*y**2 + 2*y**2 + 4*y**2 - m*y**2 + 3*y. What is c(s)?
-1
Let g(o) = o**3 - 3. Let s(p) = p**2 - 16*p - 17. Let k be s(17). Determine g(k).
-3
Suppose -3 = 3*l - 9. Let h(i) = -4*i + 0 - l*i**2 + 3*i**2 + 4 + i. Suppose -2*p + 24 = 4*b, -5*b = 3*p - 4*p - 16. Calculate h(p).
8
Suppose 12 - 4 = 2*g. Let k(a) be the third derivative of 1/24*a**4 + 5*a**2 + 0*a + 1/6*a**3 + 0. Give k(g).
5
Let n = -2 - 2. Let o(c) = -6*c - 10. Let h(m) = -13 - 2*m - 2 - 4*m - 3*m. Let t(l) = -5*h(l) + 8*o(l). Determine t(n).
7
Suppose 4*q + 4*s + 20 = 0, 3*q + q + 3*s = -15. Suppose 5 = -q*b - b. Let m(o) = -o**3 - 5*o**2 + 2*o + 6. Determine m(b